 the highest common factor of 99 and 55?
11
Calculate the greatest common factor of 712 and 152.
8
What is the highest common divisor of 57 and 133?
19
What is the greatest common divisor of 3 and 300?
3
What is the greatest common factor of 544 and 17?
17
Calculate the highest common divisor of 7065 and 90.
45
Calculate the greatest common divisor of 12 and 1068.
12
Calculate the greatest common factor of 88 and 264.
88
What is the greatest common factor of 64 and 232?
8
Calculate the greatest common divisor of 2784 and 96.
96
What is the highest common factor of 2030 and 1740?
290
Calculate the greatest common divisor of 35 and 1015.
35
What is the greatest common factor of 924 and 36?
12
What is the greatest common divisor of 15 and 321?
3
What is the greatest common divisor of 12 and 324?
12
What is the highest common divisor of 88 and 77?
11
Calculate the highest common divisor of 312 and 108.
12
What is the greatest common factor of 2394 and 76?
38
Calculate the highest common divisor of 102 and 20349.
51
What is the greatest common factor of 85 and 629?
17
Calculate the highest common divisor of 8 and 1256.
8
Calculate the highest common factor of 1078 and 22.
22
Calculate the greatest common factor of 18 and 81.
9
What is the greatest common factor of 14768 and 1040?
208
Calculate the greatest common factor of 1232 and 28.
28
What is the greatest common divisor of 845 and 1105?
65
What is the greatest common factor of 12 and 636?
12
What is the highest common divisor of 9186 and 12?
6
What is the highest common factor of 387 and 129?
129
Calculate the greatest common divisor of 11856 and 228.
228
Calculate the greatest common divisor of 270 and 2250.
90
What is the greatest common factor of 11 and 3?
1
Calculate the greatest common divisor of 112 and 3416.
56
What is the greatest common divisor of 28953 and 9?
9
Calculate the highest common factor of 4 and 1460.
4
What is the highest common factor of 559 and 104?
13
What is the highest common divisor of 25 and 1175?
25
What is the greatest common divisor of 348 and 192?
12
Calculate the highest common divisor of 63 and 2772.
63
What is the highest common divisor of 94 and 470?
94
Calculate the highest common divisor of 860 and 140.
20
Calculate the greatest common divisor of 69 and 460.
23
What is the greatest common factor of 184 and 230?
46
What is the highest common divisor of 119 and 9656?
17
What is the highest common factor of 66 and 2255?
11
Calculate the highest common divisor of 77 and 99.
11
What is the highest common divisor of 1224 and 272?
136
Calculate the greatest common factor of 25 and 15.
5
Calculate the highest common factor of 272 and 51.
17
What is the greatest common divisor of 918 and 108?
54
Calculate the highest common divisor of 22 and 5918.
22
What is the highest common factor of 594 and 2640?
66
What is the greatest common divisor of 228 and 18392?
76
What is the greatest common factor of 41 and 1025?
41
What is the greatest common factor of 69 and 3381?
69
What is the highest common factor of 728 and 1196?
52
Calculate the greatest common divisor of 46526 and 86.
86
Calculate the greatest common divisor of 2263 and 403.
31
Calculate the highest common divisor of 71 and 24779.
71
Calculate the greatest common divisor of 4802 and 42.
14
Calculate the greatest common divisor of 54 and 336.
6
What is the highest common divisor of 9 and 18?
9
Calculate the highest common factor of 52 and 1781.
13
What is the highest common divisor of 12 and 123?
3
What is the highest common divisor of 11150 and 10?
10
What is the greatest common factor of 42 and 9492?
42
What is the highest common factor of 54 and 63?
9
What is the highest common divisor of 136 and 884?
68
What is the highest common divisor of 11650 and 100?
50
What is the greatest common divisor of 1910 and 10?
10
What is the highest common factor of 484 and 20?
4
Calculate the highest common factor of 253 and 92.
23
What is the greatest common factor of 15400 and 8?
8
What is the greatest common factor of 335 and 67?
67
Calculate the greatest common factor of 188 and 3478.
94
What is the highest common divisor of 3660 and 180?
60
What is the greatest common factor of 208 and 48?
16
Calculate the highest common factor of 1050 and 84.
42
Calculate the greatest common divisor of 120 and 192.
24
Calculate the greatest common factor of 34 and 68.
34
Calculate the highest common factor of 3096 and 32.
8
What is the highest common factor of 201 and 48039?
201
What is the highest common divisor of 21 and 147?
21
What is the greatest common factor of 3173 and 167?
167
Calculate the highest common divisor of 451 and 41.
41
What is the highest common divisor of 3575 and 440?
55
Calculate the greatest common divisor of 40 and 7140.
20
What is the highest common divisor of 5017 and 145?
29
What is the greatest common factor of 124 and 556?
4
Calculate the greatest common factor of 672 and 294.
42
What is the highest common divisor of 4096 and 64?
64
Calculate the highest common factor of 2 and 5.
1
What is the highest common factor of 1008 and 90?
18
Calculate the highest common divisor of 33 and 1551.
33
What is the greatest common factor of 194 and 31622?
194
What is the greatest common factor of 5561 and 166?
83
Calculate the highest common divisor of 26 and 6.
2
Calculate the highest common divisor of 123 and 2419.
41
What is the highest common divisor of 104 and 182?
26
What is the highest common divisor of 6550 and 50?
50
Calculate the greatest common factor of 2735 and 5.
5
What is the greatest common factor of 100 and 175?
25
Calculate the highest common factor of 492 and 60.
12
Calculate the highest common divisor of 255 and 2193.
51
What is the highest common divisor of 31 and 155?
31
Calculate the greatest common divisor of 134 and 8509.
67
Calculate the greatest common factor of 12 and 1050.
6
Calculate the highest common divisor of 228 and 1083.
57
Calculate the greatest common divisor of 1545 and 15.
15
Calculate the highest common factor of 18 and 4626.
18
What is the highest common divisor of 9 and 2817?
9
Calculate the highest common factor of 16971 and 3.
3
What is the greatest common divisor of 341 and 217?
31
What is the highest common divisor of 410 and 165?
5
Calculate the highest common factor of 36 and 6876.
36
What is the highest common factor of 256 and 1264?
16
What is the highest common divisor of 807 and 9?
3
What is the highest common divisor of 37 and 74?
37
What is the highest common factor of 54 and 153?
9
Calculate the highest common divisor of 23 and 5543.
23
Calculate the highest common divisor of 260 and 160.
20
What is the greatest common factor of 44 and 88?
44
What is the highest common divisor of 116 and 92?
4
Calculate the highest common factor of 42 and 2.
2
What is the greatest common factor of 84 and 16156?
28
What is the highest common factor of 486 and 1134?
162
Calculate the greatest common divisor of 364 and 52.
52
Calculate the highest common divisor of 962 and 1406.
74
What is the highest common divisor of 52644 and 12?
12
What is the highest common factor of 876 and 48?
12
What is the greatest common factor of 21041 and 1588?
397
What is the greatest common factor of 266 and 2090?
38
What is the greatest common factor of 56 and 2?
2
Calculate the highest common divisor of 98 and 56.
14
Calculate the highest common divisor of 225 and 5.
5
What is the greatest common factor of 633 and 13082?
211
What is the highest common factor of 98 and 17542?
98
What is the highest common factor of 272 and 48?
16
What is the greatest common divisor of 330 and 15774?
66
Calculate the greatest common factor of 23 and 2.
1
Calculate the greatest common divisor of 10 and 205.
5
Calculate the highest common divisor of 16 and 108.
4
What is the highest common factor of 4 and 181?
1
Calculate the greatest common factor of 19580 and 330.
110
What is the highest common factor of 13 and 21918?
13
What is the greatest common factor of 3304 and 7?
7
Calculate the greatest common factor of 243 and 99.
9
What is the highest common factor of 20 and 390?
10
Calculate the highest common factor of 20 and 1515.
5
Calculate the greatest common factor of 57 and 969.
57
Calculate the highest common divis